ctors of m.
29
Suppose 0 = -4*h + t + 607, 0 = 5*t - 2 - 3. Suppose -4*i - 60 = -3*l + 37, -5*l + h = 3*i. What are the prime factors of l?
31
Let x = 2260 - 1242. List the prime factors of x.
2, 509
Suppose -14*k + 609 + 3983 = 0. What are the prime factors of k?
2, 41
Let x(i) = i**3 - 3*i**2 - 13*i + 20. List the prime factors of x(8).
2, 59
Let f = 1665 + -1087. List the prime factors of f.
2, 17
Let g be (-19 + -1)*12/(-16). What are the prime factors of 5*2/g + 49/3?
17
Suppose -9*x + 10*x + 43 = 0. Suppose -l + 30 = -40. Let r = x + l. What are the prime factors of r?
3
Suppose -3*i = 4*v - 1040, 2*v - 4*i = 5*v - 773. What are the prime factors of v?
263
Let y(f) = -f**3 - 5*f**2 - 4*f + 50. List the prime factors of y(-6).
2, 5, 11
Suppose 947 - 6131 = -8*i. List the prime factors of i.
2, 3
Suppose 35*l = 32*l. Suppose l = 3*d - 5*y + 3*y + 194, -5 = -5*y. Let n = -20 - d. What are the prime factors of n?
2, 11
Let g be (-14)/(-4)*(-100)/(-35). Suppose 5*b = g*b - 130. List the prime factors of b.
2, 13
Suppose 695 = g + 113. List the prime factors of g.
2, 3, 97
Let a be 0*(-4)/(-8)*-1. Suppose l = -2*l + 3*q + 228, 3*q = a. What are the prime factors of -1*(1 + l/(-2))?
37
Suppose a = -2*d + 6*d - 650, -d + 165 = a. Suppose -12*i - d = -4027. List the prime factors of i.
2, 7, 23
List the prime factors of 568 + ((-2)/8 - 27/36).
3, 7
Let o(r) = 27*r**2 - 11*r - 21. List the prime factors of o(7).
5, 7
Suppose -4*n = 3*y - 1 - 0, 0 = 3*n + 4*y - 6. Let w = 7 + n. Suppose w*b + 2*g - 158 = 5*g, -2*b + 5*g = -67. What are the prime factors of b?
31
Suppose -4*h - 540 = -3444. What are the prime factors of h?
2, 3, 11
Let s be (-6)/8*(-2 + -2). Suppose -3*c + 0*d = s*d - 15, 9 = c + 3*d. Suppose c*y = -2*n + 39 + 55, -3*n + 99 = 3*y. List the prime factors of y.
2, 7
Suppose -7*i + 10*i = -15. Let g(b) = b**3 + 4*b**2 - 7*b - 6. Let f be g(i). List the prime factors of (-2)/f*-2*11.
11
Let w be -1*0*(-1 + 0). Let g be (w - 1) + -2 + 13. What are the prime factors of 154/g + (-4)/10?
3, 5
Let d = 794 + 35. List the prime factors of d.
829
Let w = 39 - 27. Suppose -f - 2*f = -w. Suppose -3*m - 110 = -f*c, -3*c - m + 71 = -18. List the prime factors of c.
29
Let d = -48 + 39. List the prime factors of (-120)/d*75/10.
2, 5
Let t(a) = a**3 + 16*a**2 + 17*a - 17. Let c(r) = r**2 - 13*r - 2. Let x be c(12). What are the prime factors of t(x)?
137
Suppose 3*r - 50 = 2*r. Suppose 2*f - 3*w = w + 130, f + w - r = 0. List the prime factors of f.
5, 11
Suppose -5*j - 5*p + 10 = 0, j + 0*j - 2*p = 2. Let r(o) = -4*o + 2*o**2 - o**j + 8*o. List the prime factors of r(-7).
3, 7
Let o = -712 + 2967. List the prime factors of o.
5, 11, 41
What are the prime factors of (4990/(-8))/((-14)/56)?
5, 499
Let q(o) be the second derivative of 3*o**3/2 - 11*o**2/2 - 9*o. List the prime factors of q(10).
79
Let g(o) = -o**3 + 2*o**2 + 15*o + 4. Let k be g(-4). Let x = k + 26. List the prime factors of x.
2, 3, 11
Suppose 688*k = 697*k - 8550. What are the prime factors of k?
2, 5, 19
Suppose d = -5*n + 3416 + 1672, 2032 = 2*n + 2*d. What are the prime factors of n?
2, 509
Let a(n) = 85*n - 31. Let h(z) = -42*z + 15. Let b(f) = -4*a(f) - 9*h(f). What are the prime factors of b(4)?
3, 47
Let o(z) be the first derivative of z**5/60 - z**4/6 + 6*z**3 - z**2 + 14. Let c(m) be the second derivative of o(m). What are the prime factors of c(0)?
2, 3
Let s(q) = -5*q - 15. Let f(o) = -4*o**2 - 2*o - 3. Suppose -3*x - 8 = -2. Let v be f(x). List the prime factors of s(v).
2, 3, 5
Let x(m) be the third derivative of -m**6/120 - m**5/10 + 11*m**4/24 - m**3 - 17*m**2. What are the prime factors of x(-8)?
2, 17
Suppose -5*i = 5*z - 460, 122 = -35*i + 36*i - 5*z. List the prime factors of i.
97
Let p be 3 - (2 - (6 - 3)). Suppose -2*b = p*k - 292, 5*k + 0*k = -2*b + 367. List the prime factors of k.
3, 5
Let a(u) = u**3 - 8*u**2 + 10*u + 29. List the prime factors of a(11).
2, 251
Suppose 4*x - 7*x - 3*k = 18, -5*x + 4*k + 6 = 0. What are the prime factors of (124 - x)/(22/4 - 4)?
2, 3, 7
Let p(d) = 11*d**3 + d + 25. Let n be p(5). List the prime factors of n/25 + 6/(-30).
2, 7
Let a = 142 + 316. List the prime factors of a.
2, 229
Suppose 0 = 4*o + n - 465, -585 = -4*o - o - 5*n. Suppose -6*z + o = -4. What are the prime factors of (-35)/z*2*-22?
7, 11
Let f = 488 - -584. What are the prime factors of f?
2, 67
Suppose -6*q + 3 = -9. Suppose q*z - 118 = 4*p, -2*z + p + 93 = -31. What are the prime factors of z?
3, 7
What are the prime factors of (-6)/(-5) + (-298)/(-10)?
31
Let x = 2 + 1. Let v = -338 + 486. Suppose -3*m + 123 = 3*r, 22 - v = -x*m - 4*r. What are the prime factors of m?
2, 19
Suppose 10 = 3*u + 2*s, 4*u + s + 3*s = 16. What are the prime factors of u + (-9)/6 + (-203)/(-2)?
2, 3, 17
Suppose 2*y + y - 6081 = 0. Suppose 0 = -5*b - 172 + y. Suppose -2*i = 5*i - b. What are the prime factors of i?
53
Let l = 10 - 1. Let q be (-2 - l/(-3)) + 3. Suppose -38 = -q*p + 3*p. List the prime factors of p.
2, 19
Let a = 620 + -178. List the prime factors of a.
2, 13, 17
Let l = 222 - -99. Suppose 3*r - l = -2*i, 0 = -r - i + 5*i + 107. List the prime factors of r.
107
List the prime factors of 4/(-3)*(-5)/(15/1746).
2, 97
Let d = 135 - 22. What are the prime factors of d?
113
Let f = -12 + 16. Suppose -3*b = -b + f. What are the prime factors of (0 - 1)/(b/38)?
19
Let n be 6 + -6 - 1*3. Let q = n + -1. Let g(m) = 2*m**2 + 5*m. What are the prime factors of g(q)?
2, 3
Suppose -8*r + 7 = -9. Suppose y - 4*z = 349, 3*y - r*z - 1707 = -670. List the prime factors of y.
3, 5, 23
Let r be 158 - (12/15)/((-4)/10). Suppose -32*s + 36*s = r. What are the prime factors of s?
2, 5
Let k be (-21*1)/(4/(-16)*-6). List the prime factors of 20/(-70) + (-872)/k.
2, 31
Suppose 172 = -x + 4*l, -l + 0 = -3. Let n = 234 + x. List the prime factors of n.
2, 37
Let k be 1 + 2 + 5 + 1. Suppose -r + 31 = -k. Suppose -2*v = -r - 8. List the prime factors of v.
2, 3
Suppose -4*r = -4*t, 3*t + 6*r - 8 = 5*r. Suppose -56 - 134 = -t*o. List the prime factors of o.
5, 19
What are the prime factors of (657/(-27))/((-3)/45)?
5, 73
Let r be -1*(-5 - -3) - -11. Let g = -15 + r. List the prime factors of (39/g)/(36/(-48)).
2, 13
List the prime factors of ((-2)/6)/(150962/21567 - 7).
13, 79
Suppose -32 - 297 = -3*l + a, a = -4*l + 434. List the prime factors of l.
109
Suppose -13*j = -2561 - 7475. What are the prime factors of j?
2, 193
Let c be 46/6 - (-80)/60. Let g(v) = -v**3 + 10*v**2 + v - 20. What are the prime factors of g(c)?
2, 5, 7
Let k be 8 - 4 - (-62 + 3). Let r = 100 - k. What are the prime factors of r?
37
Let i(q) = 4*q**2 + 11*q + 2. Let u be i(-3). Suppose -1 = 5*p - 21. Suppose p*b + 3*n - 152 = -2*n, -u*b + 219 = -n. List the prime factors of b.
43
Let j(a) = 156*a**2 + a + 2. List the prime factors of j(-1).
157
Suppose -3*k = 4*u - 28, -28 = -4*u - 2*k + 4*k. Suppose 5*z = u + 3. Suppose -4*l - 6 = -z, 0 = 5*m - 3*l - 113. What are the prime factors of m?
2, 11
Suppose -4*c = -5*f - 2400, 0 = 5*f - 19 - 1. List the prime factors of c.
5, 11
Let f(p) = -p**3 - 3*p**2 + 2*p - 9. List the prime factors of f(-5).
31
Suppose -438 = -2*j - 114. Suppose -79*m + 104 + 54 = 0. Suppose m*k = 0, -5*b + 2*b = 2*k - j. List the prime factors of b.
2, 3
Let q = 1519 + -767. List the prime factors of q.
2, 47
Let p = 9 - 7. Suppose p*h - 14 = -4. Suppose 0 = h*m - 0*m - 70. What are the prime factors of m?
2, 7
Suppose 0*c = 4*s - 4*c + 20, -5*s = 5*c + 15. Let k(i) = i**3 + 3*i**2 - 6*i + 4. What are the prime factors of k(s)?
2, 3
Suppose 2*b - 10 = u, -b + 3 = -5*u - 2. Let i = b + 13. List the prime factors of i.
2, 3
Suppose 1010 = -7*n + 142. Let k be n/(-44) - (-4)/22. Suppose -k*g + 5*d + 75 = 12, g - 23 = d. What are the prime factors of g?
2, 13
Let u = -3 + 18. Let l = u + -20. What are the prime factors of (-2 - -7) + 0/l?
5
Let v(g) be the third derivative of g**4/8 + 19*g**3/6 - 27*g**2. List the prime factors of v(-5).
2
Suppose 18*c + 21*c = 48282. What are the prime factors of c?
2, 619
Let b = 159 - 29. What are the prime factors of b?
2, 5, 13
Let j(u) = 5*u - 2 + 5*u**2 + u**3 + 4*u**3 - 3*u - 4*u**3. Let d be j(-3). Let y = -7 + d. List the prime factors of y.
3
Let o(p) = 13*